(-39)/i + (-22)/(-4)?
3
Let z = 13 + -7. Let o(d) = 3*d + 3. Let n be o(3). What is the remainder when (102/n)/(1/2) is divided by z?
5
Suppose 0 = 5*h + 4*v - 112, -4*v = -3*v + 2. Calculate the remainder when (-30)/(-8)*(-448)/(-24) is divided by h.
22
Suppose -6 = x + 3*m, 0*x = -4*x + 5*m + 27. Let g(q) = 5*q**2 + 2*q - 1. What is the remainder when g(x) is divided by 13?
11
Let v be -2 - 0 - (-35 - 1). Suppose 2*z = -4 + v. What is the remainder when z is divided by 8?
7
Suppose -3*g - 1 = -4*g. Calculate the remainder when 37 is divided by 3*19*g/3.
18
Let z(c) = -2*c - 11. Let v(b) = -b - 6. Let o(q) = -5*v(q) + 3*z(q). Let x be o(-4). Let y = 10 - x. What is the remainder when 16 is divided by y?
7
Suppose 0*p + 3*p + 3*k - 24 = 0, -p = 5*k - 28. What is the remainder when (p/2)/(12/152) is divided by 11?
8
Let c = -31 - -17. Let x = 34 + c. Calculate the remainder when (-118)/(-2) - (1 - 0) is divided by x.
18
Let k = 17 - -26. What is the remainder when k is divided by 13?
4
Let i(n) = -n**3 + n**2 + n + 3. Let j be i(0). Suppose 2*w - 60 = -4*u, u - j*u + 42 = -2*w. What is the remainder when u is divided by 6?
5
Suppose 3*q - 12 = -3*d, -2*q - 2*d = -d - 6. Suppose 0 = -2*g - q*g + 44. Calculate the remainder when g is divided by 7.
4
Let c be ((-8)/(-20))/((-1)/(-5)). Suppose -5*b = 15, -6 = -m + c*b + 7. What is the remainder when m is divided by 4?
3
Suppose 4*p = -0*p + 60. What is the remainder when 44 is divided by p?
14
Suppose 8*w - 4*w = -172. Let a = w - -66. What is the remainder when a is divided by 12?
11
Suppose 2*p = -2*p - 52. Let r(o) = 2*o**2 + 18*o - 18. Let x be r(p). Let c = x - 35. What is the remainder when c is divided by 13?
12
Let w(n) be the second derivative of -9*n**5/20 - n**4/6 - 2*n**3/3 - 3*n**2/2 - 2*n. What is the remainder when w(-2) is divided by 18?
15
Suppose 48 = 7*x - 92. What is the remainder when 36 is divided by x?
16
Suppose -2*j - y + 162 = 0, -j = -0*y + 5*y - 99. Calculate the remainder when j is divided by 40.
39
What is the remainder when 15 is divided by 2*((-7 - -3) + 6)?
3
Let w(f) = f**3 + 6*f**2 - f + 3. Let x = -3 + 5. Calculate the remainder when x - (-14 - (-2 - -2)) is divided by w(-6).
7
Suppose u = -3*u - 4*k + 68, -4*k - 44 = -4*u. Calculate the remainder when u is divided by 5.
4
Let i be -1 - -1*(-6)/(-2). Suppose 0 = x - 4 - i. What is the remainder when 11 is divided by x?
5
Let j = -6 - -11. Calculate the remainder when 14 is divided by 15/j - 2/(-1).
4
Let c(z) = z + 11. Let u be c(-12). Let i = u + 72. Calculate the remainder when i is divided by 18.
17
Suppose 0*c - 28 = -c. Let y = c + 22. What is the remainder when y is divided by 17?
16
Suppose -3*n + 3*l + 41 = l, 0 = 2*n - 3*l - 34. Calculate the remainder when 21 is divided by n.
10
Let i(c) = -c**2 - 4*c + 2. Let w be i(-4). Suppose 3*x - 37 = -w*a - 0*x, 2*x - 65 = -5*a. What is the remainder when 31 is divided by a?
9
Let v(k) = -k**2 + 3*k + 30. Calculate the remainder when 19 is divided by v(7).
1
Let d(s) = s**2 + 49. Let w = -10 + 12. Suppose -w*k - 68 = -6*k. Calculate the remainder when d(0) is divided by k.
15
Suppose 5*x - t = -4*t - 4, -x + 16 = -5*t. Suppose 0 = -3*a + 13 - x. Suppose a*v - 19 = 21. Calculate the remainder when 19 is divided by v.
9
Let l(b) = b**2 - 9*b. Let t be l(7). Let x = -1 - t. What is the remainder when x is divided by (1/(-2)*-10)/1?
3
Let q = -26 - -31. What is the remainder when 19 is divided by q?
4
Let o(u) = u**3 + 10*u**2 + 9*u + 5. Suppose 10 = 2*c + 2*f, 2*f + 13 = 3*c + 4*f. Calculate the remainder when o(-9) is divided by c.
2
What is the remainder when (2 + (-14)/5)*740/(-8) is divided by 25?
24
Suppose -3 = 2*h - 9. Let i = 12 - -14. Suppose -5*t = 5*s - 2*s - 35, 2*s + 4*t - i = 0. What is the remainder when s is divided by h?
2
Suppose -7*s + 2*s + 5*g = -170, -4*s = 3*g - 108. Calculate the remainder when 117 is divided by s.
27
Let z be (-725)/(-15) + 2/3. Suppose 3*a - z = 2*a. Calculate the remainder when a is divided by 17.
15
Suppose 4*l + 2*n = 18, -3*l + 2*n + 1 - 5 = 0. Let c = -3 + 5. What is the remainder when l is divided by c?
0
Let u = 137 - -36. Calculate the remainder when u is divided by 35.
33
Suppose 3*t - 670 = -2*t. Suppose 3*z - t = z. Calculate the remainder when z is divided by 23.
21
Let s(f) = f**3 + 5*f**2 - 3*f - 7. Let k be s(-5). Suppose -3*g - 34 = k. Let m = -2 - g. What is the remainder when m is divided by 7?
5
Let o = 46 - 0. What is the remainder when o is divided by 6?
4
Let y be 0 - -1*(8 - 3). Suppose -9*v + y*v + 56 = 0. Calculate the remainder when v is divided by 5.
4
Let h = 5 + -3. Let c(k) = 30*k - 1. Let i be c(h). Suppose -4*l - 5*v + i = 0, 7*l - 3*l - 4*v = 32. What is the remainder when l is divided by 4?
3
Let k(q) = q - 8. Let r be k(7). Let u = r + 2. Suppose -f + u = -9. What is the remainder when 28 is divided by f?
8
Suppose -4*f + 13 = 3*u, 0 = -4*u - 6 + 18. Suppose 4*w - 61 + f = 0. Let j(y) = 5*y - 2. What is the remainder when j(6) is divided by w?
13
Let s = -11 - -19. Calculate the remainder when (-33)/1*36/(-54) is divided by s.
6
Suppose -2*l - 2*l + 88 = 0. Let n(u) = 9*u - 11. What is the remainder when n(6) is divided by l?
21
Let s = 15 + -11. Let z(a) be the second derivative of -a**4/12 + a**3 + 2*a**2 - 20*a. Calculate the remainder when 23 is divided by z(s).
11
Suppose 5*p + 1 = 6. What is the remainder when 3 + (48 - p - -2) is divided by 18?
16
Let w be (-1)/(-1*(-3)/(-363)). Suppose 2*x - 5*x = 15, -w = -4*b - 3*x. Let z = 25 + -13. Calculate the remainder when b is divided by z.
10
Suppose -17 = -4*s - 3*g + 6, -3*s = -4*g + 14. Let z be 2 - 0/((-2)/(-2)). Suppose -p + z + 1 = 0. What is the remainder when p is divided by s?
1
Let c(z) = 22*z**2 + z - 2. What is the remainder when 81 is divided by c(1)?
18
Let b = -38 - -62. Suppose -3*z + 309 = 3*s, 5*s + 139 = 4*z - 264. Let o = z - 55. Calculate the remainder when o is divided by b.
23
Let i = -5 + 1. Let t = i - 5. What is the remainder when 26 is divided by (-75)/t - (-2)/3?
8
Let x be 1 + 0 + 8/1. What is the remainder when 616/63 - (-2)/x is divided by 4?
2
Let h(k) = 43*k + 2. Let r(y) = 21*y + 1. Let g(s) = 2*h(s) - 5*r(s). Let q be g(-3). Suppose -3*b - q = -5*b. Calculate the remainder when b is divided by 10.
8
Suppose s + h = -2, h = -3*s - 3*h - 3. Let q = 13 + s. Calculate the remainder when (-1)/(1*(-1)/23) is divided by q.
7
Calculate the remainder when 90 is divided by (-20)/12 - -1 - (-23)/3.
6
What is the remainder when 7 + -8 + (-1 - -15) + 2 is divided by 6?
3
Let k = -134 - -95. Let l be -2 - -1 - -1 - k. Suppose -2*h + l - 13 = 0. Calculate the remainder when 24 is divided by h.
11
Calculate the remainder when 50 is divided by -3 - (1 + -1 - (-160)/(-8)).
16
Let d = 216 - 132. Suppose -d = -u + 5*u. Let m = 1 - u. Calculate the remainder when m is divided by 12.
10
Let z = 11 + 41. Suppose z = m - 4*q, 0 = -m + 3*m + 2*q - 74. What is the remainder when m is divided by 21?
19
What is the remainder when 13 is divided by (-3)/6 - (-27)/6?
1
Calculate the remainder when 169 is divided by (-19 + 4)/((-6)/4).
9
Let f(d) = 8*d**2 - 4. Calculate the remainder when 110 is divided by f(2).
26
Suppose h - 76 = -4*z - 3*h, 0 = -3*z - 5*h + 59. Let d be (-303)/(-6) - (-3)/(-2). Let r = d + 4. What is the remainder when r is divided by z?
17
Let x(y) be the first derivative of y**2/2 + 3*y + 1. Let a be x(0). Let v = a + 2. Calculate the remainder when 9 is divided by v.
4
Calculate the remainder when 53 is divided by 6 + 21/9 + 2/3.
8
Let k = -3 - -18. Let z = 44 + 0. What is the remainder when z is divided by k?
14
Suppose -44 = -78*a + 74*a. What is the remainder when a is divided by 4?
3
Suppose 3*t - 152 - 154 = 0. What is the remainder when t is divided by 26?
24
Let g(j) = 7*j. Let r be g(2). Suppose -f + 5*a = 0, a = -f + 4*f - r. Suppose u - x = 14, -u + 13 = 3*x - f. What is the remainder when 29 is divided by u?
14
Let o = 38 - 18. What is the remainder when 38 is divided by o?
18
Let c(x) = -x**3 - 8*x**2 + 2. Let z be c(-8). Suppose 5*m - 16 = -z*p + p, -3*m - 3*p + 12 = 0. What is the remainder when 8 is divided by m?
2
Suppose 0 = -6*s + 4*s - 4. Let h(a) = a - 3. Calculate the remainder when (-1 